the tens digit of 2534/l + -2 - 3/18?
0
Suppose 2*s = -5*o + 23000, -5*o + 12506 = -5*s - 10529. What is the units digit of o?
2
Suppose -3*h - 5*r = 592, 14*h - 3*r + 964 = 9*h. Let n = 310 - h. What is the units digit of n?
4
Suppose 25*y - 34 - 16 = 0. Let v(x) = 72*x**2 + 11*x - 20. What is the tens digit of v(y)?
9
Suppose -5*r + 30 = 5*y, 0 = r - 5*r + 20. Let h be 0 + y + 26/(-26). Suppose -5*i + 703 = 4*b, h*b - 3*b = -6. What is the tens digit of i?
3
Let g(r) = 9*r**2 + 29*r + 94. What is the thousands digit of g(36)?
2
Let c(r) = -811*r**3 + 9*r**2 + 9*r + 5. What is the hundreds digit of c(-2)?
5
Let l(w) = 32*w**3 - 2*w**2 - 11*w - 108. What is the thousands digit of l(5)?
3
Let d be -4*(-3 + 57/12). Let u(h) be the first derivative of -h**4/4 - 2*h**3/3 - 2*h**2 - 10*h - 50. What is the tens digit of u(d)?
6
Let b(l) = 2*l - 2. Let m be b(1). Suppose m = -21*w + 14*w + 8764. What is the tens digit of w?
5
Let l(n) = n**3 + 5*n**2 + 2*n - 6. Let s be l(-4). Suppose -7*d - s = -702. Suppose 4*f + f = d. What is the units digit of f?
0
Suppose 16*n - 118*n = 30*n - 6014448. What is the units digit of n?
4
Let r(w) = -w**2 - 8*w + 17. Let q(m) = -m**3 - 6*m**2 - 4*m - 2. Suppose 0 = 7*z + 32 + 3. Let f be q(z). What is the units digit of r(f)?
4
Suppose 4*f + 8634 = 4*i + 6*f, 2*i = f + 4307. Let w = -802 + i. What is the tens digit of w?
5
Let r = 212 - -614. Let b = -157 + r. What is the units digit of b?
9
Let c(p) = -104*p + 23. Let j = -36 + 28. What is the tens digit of c(j)?
5
Let y(i) = i**3 + 24*i**2 + 3*i - 114. Let u(a) = -a**3 - 17*a**2 - 26*a + 41. Let d be u(-15). What is the units digit of y(d)?
4
Let n(m) = -31*m - 3. Let w be n(-8). Suppose -4*v + 180 = -3*g + 15, 5 = g. Suppose -v + w = c. What is the hundreds digit of c?
2
What is the tens digit of 2225 + 35369 - (4/3 - 1/3)?
9
Let y(u) = u**2 - 3*u. Let r be y(0). What is the tens digit of r + 129*5/3?
1
Suppose 0*q - 5*q + 20 = -5*c, -3*c + 8 = q. Suppose q*r - 2634 = -5*u + 2046, -2*r + 932 = u. What is the hundreds digit of u?
9
Suppose -12 = 4*z, 8*l - 3*z - 9 = 9*l. Suppose -b - 2*n - n + 405 = 0, l = -n. What is the hundreds digit of b?
4
Suppose 2992 - 682 = 5*b - 5*v, -4*b - 4*v + 1848 = 0. Suppose -m = f - b, -9*m + 8*m - 1398 = -3*f. What is the hundreds digit of f?
4
Let d = -5 - -8. Suppose 4*k + 3 = 3*x + k, d*x - 4*k = 4. Suppose -2*f = -3*p - 35, 2*f + 4*p - 2*p - 60 = x. What is the units digit of f?
5
Let g(s) = 31*s**2 + 3*s - 2. Let x(y) = y**3 - 19*y**2 + 17*y + 19. Let b be x(18). Let a be g(b). Suppose -96 = -a*z + 30*z. What is the tens digit of z?
4
Let v(j) = 2*j**2 + 10*j + 4. Let c be (-4)/(-2)*(-86)/(-4). Let x = 37 - c. What is the units digit of v(x)?
6
Let m(z) = -566*z - 186. Let w(i) = -378*i - 124. Let v(k) = -5*m(k) + 8*w(k). What is the units digit of v(-2)?
6
Suppose 9*z + 5904896 = 99*z - 14*z. What is the units digit of z?
6
Let w(j) = 0 - 56*j - 1 - 2. Let g be (3/(-4) + 25/(-100))/1. What is the tens digit of w(g)?
5
Suppose 17252 = 13*f - 2235. What is the hundreds digit of f?
4
Let o(w) = 83*w**3 + w**2 - 16*w - 10. What is the tens digit of o(4)?
5
Let l(p) = 63*p - 3. Let k be l(10). Suppose -2*o = 2*q - 314, 3*o - 2*q - 478 = 2*q. Suppose -k + o = -7*t. What is the tens digit of t?
6
Let v(l) = -12*l**2 + 2*l - 10. Let x be v(-8). Let y = x + 1810. What is the units digit of y?
6
Let s be ((-117)/6 + -3)*16/20. Let x(n) = 2*n**2 + 29*n + 73. What is the units digit of x(s)?
9
Let a(k) = 13*k**2 - 20*k - 11. Suppose -50*i = -47*i + 3, 5*i = -5*o - 30. What is the units digit of a(o)?
4
Let g(s) = -s**2 - 9*s**3 + 3*s**3 + 8 - 331*s + 335*s. What is the units digit of g(-5)?
3
Suppose 18*z - 15*z - 18 = 0. Suppose 4*v = v + z. Suppose -4*j - 2*l + 254 = -2*j, 0 = 4*j + v*l - 510. What is the units digit of j?
8
Suppose 3*s + 4*h = 9744, -h - 15 = 4*h. Suppose 0 = 3*t + t - s. What is the hundreds digit of t?
8
Suppose -818547 + 16152 - 216081 = -38*b. What is the hundreds digit of b?
8
Let q(j) = -7 - 8*j + 11*j**2 - 31*j**2 + 4*j**3 + 11*j. What is the tens digit of q(7)?
0
Let h = -151 - -155. Suppose -4*a = -h*d - 320, a + 68 = 2*a + 5*d. What is the tens digit of a?
7
Let m = -329 - -321. Let r(u) = -71*u + 28. What is the hundreds digit of r(m)?
5
Let b = -44 - -44. Suppose -6 = -b*m - m. Suppose -2*o = -m*o + 84. What is the units digit of o?
1
What is the units digit of 0 - 0 - (-33271 - (-20 + 14 + -4))?
1
Suppose -7*k + 4*k = -8*k. Let j(d) = -14*d + 512. What is the units digit of j(k)?
2
Let m = -5 + 9. Let n(q) be the second derivative of q**5/5 - 5*q**4/12 - q**3/6 + 6*q**2 + q - 120. What is the hundreds digit of n(m)?
1
Let r(m) = 25*m**2 + 6*m + 8. Let n(s) = -2*s**2 + 20*s + 22. Let o be n(11). Let v be (-2)/((-3)/(3/(o - 1))). What is the units digit of r(v)?
6
Let j be -277 + -2 + (-3 - -1). Let n be 18/(-153) - (-13630)/(-34). Let u = j - n. What is the units digit of u?
0
Let y be ((-15)/5 - 2) + 1 + 5. What is the hundreds digit of 2/(-4) + y + (-4059)/(-6)?
6
Suppose 48*b - 8038 = -x + 53*b, -2*b = 3*x - 24114. What is the tens digit of x?
3
Let h = 33427 - 21991. What is the ten thousands digit of h?
1
Let q = 12423 + -7305. What is the tens digit of q?
1
What is the tens digit of (-4 + 5)/(1/6376*8)?
9
Suppose -3*a = -n - 2042 - 9894, 4*n = 5*a - 19891. What is the hundreds digit of a?
9
Suppose 37*n = 38*n. Suppose 7*z - 1981 = -n*z. What is the hundreds digit of z?
2
Let n = 2786 - -2341. What is the tens digit of n?
2
Let q be (-411962)/(-18) - ((-40)/45)/4. Suppose 35*r = 1718 + q. What is the units digit of r?
3
Suppose x + 12 = v, 2*x - 12 = -2*v + 32. Suppose v*d = 14*d + 84. What is the units digit of 14/(-2)*d/(-4)?
9
Let j(s) = -s**2 - 18*s - 91. Let g be j(-7). What is the units digit of 11692/14 - (-2)/g?
5
Let t be ((-26)/(-3) + -1)/(2/(-12)). Let a be 3/(1/(-6) - t/60). Suppose -5*v + 85 = a*z, -5*v - 1 = -4*v. What is the units digit of z?
8
Suppose 2*j + 65*y - 62*y - 85477 = 0, 9 = 3*y. What is the hundreds digit of j?
7
Suppose 66*q + 417026 = 81*q + 152891. What is the tens digit of q?
0
Suppose 2*p - s = 100203, 4*p = 6*p + s - 100197. What is the tens digit of p?
0
Let p = -1760 - -2827. Let t = 2248 - p. What is the thousands digit of t?
1
Let n = -434 + 441. Suppose n*l - 2*l - 2751 = -4*q, 3*q - 2067 = -3*l. What is the tens digit of q?
9
Let r(f) = -2*f**2 - 6*f - 8. Let z be r(-7). Let v = z + 50. What is the tens digit of ((13 + -2)*v)/(-2)?
7
Suppose -v = z - 530, 5*v - 542 = -0*z - z. Suppose -847 - z = -3*g. What is the hundreds digit of g?
4
Suppose 0 = 14*h + 12*h. Suppose 3*k - 39 - 72 = h. What is the tens digit of k?
3
Let c = 0 + 2. Let j be (-12)/(-3) - (c + 32). What is the tens digit of 3*-20*40/j?
8
Suppose -5*k = -2*n + 21 + 13, 8 = -k + n. Let j(v) be the second derivative of -7*v**3/3 + 10*v**2 + 3*v. What is the units digit of j(k)?
4
Let k be (9/27)/(3 + (-51)/18). Suppose 94 = -3*g - 4*n + 1344, 0 = 5*g - k*n - 2040. What is the hundreds digit of g?
4
What is the hundreds digit of ((1/(-2))/((-2)/(-107)))/((-40)/22240)?
8
Let y(j) = 5*j**2 - 2*j - 18. Let q be y(6). Let r be 4/(192/q) - 2/16. Suppose r*f - 403 = -115. What is the units digit of f?
6
Let c(f) = -2 - 10*f - 14 - 7 + 6*f**2. Let g(n) = 5*n**2 - 10*n - 22. Let t(m) = -4*c(m) + 5*g(m). What is the units digit of t(15)?
7
Suppose 0 = 108*h + 104900 - 1398222 + 1534. What is the units digit of h?
1
Let f be -13 + (-24)/(-2) - (0 - 6). Let p(j) = 12*j - 10. What is the units digit of p(f)?
0
Let w(q) = -106*q + 1323. What is the hundreds digit of w(-40)?
5
Let w(g) = 23*g**3 + 3*g**2 - 159*g + 664. What is the hundreds digit of w(9)?
2
Let w(q) = 4232*q**3 - 8*q**2 + 17*q - 19. What is the tens digit of w(2)?
3
Let t = 5170 - -19043. What is the hundreds digit of t?
2
Let p(b) = -b**3 - 134*b**2 - 487*b + 298. What is the units digit of p(-131)?
2
Suppose -3*g - 6 = -6*g. Let q(t) = 1 - 2*t - g*t - 4*t. What is the units digit of q(-8)?
5
Suppose r + 4*r - 5*y = -20, 0 = 5*r - 4*y + 20. What is the hundreds digit of ((-2)/r)/(34/11764)?
1
Let g(d) = d - 1. Let t(j) = 6*j + 7. Let n(b) = -5*g(b) + t(b). Let w be n(-5). Suppose 566 - 90 = w*y. What is the tens digit of y?
6
Suppose 12 = 25